 65353 prime?
True
Is 2441561 a composite number?
False
Is 187 a prime number?
False
Is 190667 a composite number?
False
Is 534121 prime?
False
Is 4751 prime?
True
Is 1847 a composite number?
False
Is 81449 a composite number?
True
Is 53723 prime?
False
Is 839 composite?
False
Is 24659 a composite number?
False
Is 55487 a prime number?
True
Is 198133 a prime number?
False
Is 8953 a composite number?
True
Is 781853 composite?
False
Is 32771 a composite number?
False
Is 8458 composite?
True
Is 176569 a prime number?
False
Is 10358 composite?
True
Is 216719 composite?
False
Is 6527 prime?
False
Is 1097 a prime number?
True
Is 6157 a prime number?
False
Is 2813 composite?
True
Is 22985 composite?
True
Is 10249 a composite number?
True
Is 93923 a composite number?
False
Is 18087 a composite number?
True
Is 37427 composite?
True
Is 4321 prime?
False
Is 10903 a prime number?
True
Is 620941 composite?
True
Is 26329 composite?
True
Is 770639 prime?
True
Is 213691 prime?
False
Is 201809 composite?
False
Is 17011 a composite number?
False
Is 129299 composite?
True
Is 809 prime?
True
Is 1067 a composite number?
True
Is 27271 a prime number?
True
Is 75427 a prime number?
False
Is 8819 composite?
False
Is 2203 a composite number?
False
Is 7043 a prime number?
True
Is 3035 a composite number?
True
Is 18431 a prime number?
False
Is 71563 prime?
True
Is 451871 composite?
True
Is 18113 composite?
True
Is 5941561 composite?
False
Is 29195 a composite number?
True
Is 826453 prime?
True
Is 14531 a prime number?
False
Is 31367 a composite number?
True
Is 3579 a composite number?
True
Is 7349 composite?
False
Is 83633 a composite number?
True
Is 4742 composite?
True
Is 2953 prime?
True
Is 16013 a prime number?
False
Is 14621 a composite number?
False
Is 204047 a prime number?
True
Is 154211 prime?
True
Is 1224065 a prime number?
False
Is 33035 composite?
True
Is 54794 prime?
False
Is 371549 prime?
True
Is 2513 a prime number?
False
Is 81407 composite?
True
Is 20569 a composite number?
True
Is 1145029 a prime number?
False
Is 108707 composite?
False
Is 14099 a composite number?
True
Is 14263 composite?
True
Is 2965 a composite number?
True
Is 11467 a prime number?
True
Is 7555 a composite number?
True
Is 2707 composite?
False
Is 154403 composite?
True
Is 3044567 composite?
False
Is 470823 a composite number?
True
Is 15163 a composite number?
True
Is 316573 a composite number?
True
Is 13381 prime?
True
Is 92129 prime?
False
Is 30161 a prime number?
True
Is 1148039 a prime number?
True
Is 216803 a prime number?
True
Is 325271 a composite number?
False
Is 237959 a prime number?
True
Is 1625821 prime?
True
Is 158329 a prime number?
True
Is 274459 composite?
True
Is 2053609 a prime number?
False
Is 29119 prime?
False
Is 23117 a composite number?
False
Is 635 a composite number?
True
Is 73813 a prime number?
False
Is 43379 a composite number?
True
Is 164321 a composite number?
False
Is 318341 a composite number?
True
Is 1347 a prime number?
False
Is 14669 composite?
False
Is 4593 a prime number?
False
Is 32761 a prime number?
False
Is 27479 composite?
False
Is 9881 a prime number?
False
Is 6841 composite?
False
Is 11579 a prime number?
True
Is 139589 a prime number?
True
Is 3613745 a prime number?
False
Is 3058319 prime?
False
Is 348149 prime?
True
Is 26329 prime?
False
Is 177731 a composite number?
True
Is 23861 a prime number?
False
Is 5615501 a prime number?
False
Is 5177 a prime number?
False
Is 877 prime?
True
Is 130534 composite?
True
Is 14243 composite?
False
Is 1463621 prime?
True
Is 13093 prime?
True
Is 14197 a prime number?
True
Is 519131 composite?
False
Is 439721 a prime number?
False
Is 186071 a prime number?
True
Is 5261 a composite number?
False
Is 56843 prime?
True
Is 22749 prime?
False
Is 120709 prime?
True
Is 1206853 composite?
True
Is 24143 composite?
True
Is 58537 a composite number?
False
Is 23761 a composite number?
False
Is 823943 a prime number?
False
Is 12449 a composite number?
True
Is 32663 a prime number?
False
Is 480647 a composite number?
False
Is 359837 a composite number?
False
Is 1795 composite?
True
Is 3571 composite?
False
Is 291077 composite?
False
Is 5749 composite?
False
Is 1213 composite?
False
Is 9239 prime?
True
Is 158731 a composite number?
False
Is 6139 composite?
True
Is 6756817 prime?
True
Is 83021 prime?
False
Is 7981 prime?
False
Is 41267 a prime number?
False
Is 117533 composite?
True
Is 59747 composite?
False
Is 285401 a composite number?
True
Is 27917 a composite number?
False
Is 6455 prime?
False
Is 4049 a composite number?
False
Is 365957 prime?
False
Is 41345 a composite number?
True
Is 46091 composite?
False
Is 29221 a composite number?
False
Is 218299 prime?
False
Is 106721 a prime number?
True
Is 13119 prime?
False
Is 165071 a composite number?
True
Is 3043 prime?
False
Is 2933 a prime number?
False
Is 379 a composite number?
False
Is 1388743 composite?
False
Is 52669 prime?
False
Is 147353 a composite number?
False
Is 99367 composite?
False
Is 37234 composite?
True
Is 90161 a composite number?
True
Is 33791 prime?
True
Is 24989 composite?
False
Is 444803 a composite number?
False
Is 2179 composite?
False
Is 12707 a composite number?
True
Is 19531 a prime number?
True
Is 471947 composite?
True
Is 681589 prime?
True
Is 139547 prime?
True
Is 55585 a composite number?
True
Is 20173 prime?
True
Is 28909 prime?
True
Is 25439 prime?
True
Is 10243 composite?
False
Is 20477 a composite number?
False
Is 635 composite?
True
Is 25719 prime?
False
Is 1399 a prime number?
True
Is 2053 a prime number?
True
Is 897979 a prime number?
False
Is 271 a composite number?
False
Is 440471 a composite number?
False
Is 173281 a composite number?
True
Is 21427 a prime number?
False
Is 1081 prime?
False
Is 1439 a prime number?
True
Is 1625071 a prime number?
False
Is 2927 a composite number?
False
Is 11702 a composite number?
True
Is 17846 composite?
True
Is 991 a prime number?
True
Is 824433 prime?
False
Is 557 composite?
False
Is 148523 a prime number?
False
Is 33571 composite?
True
Is 452159 composite?
False
Is 131009 a composite number?
False
Is 4039 a composite number?
True
Is 13843 a composite number?
True
Is 11113 a prime number?
True
Is 21257 composite?
True
Is 4201 a composite number?
False
Is 294811 prime?
False
Is 31111 a composite number?
True
Is 58973 a composite number?
True
Is 97769 a prime number?
False
Is 28501 a composite number?
True
Is 90107 a prime number?
True
Is 22107 prime?
False
Is 4259 a prime number?
True
Is 441697 prime?
True
Is 17669 prime?
True
Is 188411 prime?
False
Is 3183 prime?
False
Is 6299 composite?
False
Is 2473607 prime?
True
Is 131335 a prime number?
False
Is 1073 composite?
True
Is 143657 prime?
False
Is 65679 a composite number?
True
Is 54263 a prime number?
False
Is 23477 a composite number?
True
Is 1201633 a composite number?
False
Is 17723 a prime number?
False
Is 59509 prime?
True
Is 5638 a composite number?
True
Is 299797 prime?
False
Is 587 composite?
False
Is 25079 composite?
True
Is 277117 a prime number?
False
Is 210803 a composite number?
False
Is 567581 prime?
False
Is 381649 prime?
False
Is 4855651 composite?
False
Is 3050699 prime?
False
Is 28562 prime?
False
Is 307 a prime number?
True
Is 19634 composite?
True
Is 671386 prime?
False
Is 3299 prime?
True
Is 51 a prime number?
False
Is 163019 a composite number?
False
Is 11699 a composite number?
False
Is 43379 a composite number?
True
Is 721499 a composite number?
False
Is 91253 a composite number?
False
Is 16603 a prime number?
True
Is 30467 a prime number?
True
Is 414727 prime?
False
Is 430391 prime?
False
Is 16838 prime?
False
Is 6297 a composite number?
True
Is 251891 a composite number?
True
Is 6121 a prime number?
True
Is 11101 composite?
True
Is 77258 a composite number?
True
Is 11027 prime?
True
Is 512819 prime?
True
Is 31919 prime?
False
Is 584951 prime?
True
Is 14381 a prime number?
False
Is 14221 prime?
True
Is 232129 a composite number?
False
Is 202049 a composite number?
False
Is 31643 prime?
True
Is 3371801 a composite number?
True
Is 821 composite?
False
Is 797 a prime number?
True
Is 98251 a composite number?
False
Is 26837 composite?
True
Is 19241 a prime number?
False
Is 66109 a composite number?
False
Is 311791 a comp